s 10998a2 (base 11) in base 7?
22201066
What is -23031100 (base 4) in base 3?
-2022222011
Convert -321122253 (base 6) to base 4.
-111210323121
1000000110100001101 (base 2) to base 12
109779
Convert -533c97 (base 15) to base 10.
-3961717
Convert -552412222 (base 6) to base 11.
-566904a
Convert 6a484a (base 13) to base 14.
499950
-26b99 (base 16) to base 2
-100110101110011001
Convert 7707300 (base 11) to base 4.
303221022230
236460 (base 12) to base 4
2023120020
What is 3321012 (base 6) in base 14?
44772
10023113 (base 4) to base 5
1021421
Convert -4467321 (base 8) to base 6.
-41520401
What is fb51a (base 16) in base 9?
1838060
Convert -6152 (base 11) to base 13.
-3940
What is 114db5d (base 15) in base 3?
212022221010221
Convert 24bab (base 13) to base 9.
113135
-2ee22 (base 15) to base 9
-251055
Convert 11200020 (base 5) to base 10.
100010
What is 82431 (base 13) in base 5?
24433343
Convert 10101102111011 (base 3) to base 14.
34bb39
Convert 332314 (base 8) to base 5.
12034240
-66a7a (base 12) to base 6
-2531034
Convert -43a18 (base 12) to base 4.
-111313310
Convert 110101010011111000001 (base 2) to base 16.
1aa7c1
14b6939 (base 12) to base 8
20064275
Convert -1101000101110000101011 (base 2) to base 12.
-1195977
What is -610260 (base 7) in base 9?
-166730
Convert -11002200001022 (base 3) to base 13.
-5b3637
-271b7b (base 16) to base 11
-14a0635
Convert 51431645 (base 7) to base 15.
5a2295
Convert 32441120 (base 5) to base 8.
1044321
-3d5832 (base 14) to base 6
-113340500
7ac46 (base 16) to base 5
112042404
Convert -1c8c9 (base 13) to base 12.
-287b6
Convert 1100010100011000111111 (base 2) to base 13.
890ac8
Convert 1200210202101 (base 3) to base 5.
212322334
What is -1025a20 (base 12) in base 14?
-590da8
What is 2b5895 (base 16) in base 13?
786004
What is -21252302 (base 7) in base 11?
-1027856
Convert 10130121 (base 5) to base 2.
10100010011011001
414536 (base 9) to base 15
4cdc6
-155553 (base 6) to base 9
-23286
What is -1742718 (base 11) in base 5?
-1224223020
283453 (base 9) to base 16
2a459
-9b808 (base 13) to base 2
-1000100111111010000
What is 2012220120 (base 3) in base 4?
22222122
What is -254523 (base 10) in base 6?
-5242203
-2220011 (base 6) to base 15
-2305d
Convert 1350671 (base 8) to base 4.
1131012321
Convert -62704 (base 10) to base 13.
-22705
-136645404 (base 7) to base 8
-42422765
15881 (base 14) to base 2
1101001000111001
What is -64050 (base 8) in base 15?
-7d79
What is -132011332212 (base 4) in base 7?
-124024302
What is -1010011110011010100 (base 2) in base 13?
-c0310
Convert -583a20 (base 12) to base 10.
-1416696
What is 56794 (base 10) in base 5?
3304134
What is -1018930 (base 10) in base 7?
-11442433
-146085 (base 10) to base 12
-70659
4f9fbc (base 16) to base 11
2a445a1
Convert 11010110011011110100 (base 2) to base 4.
3112123310
Convert -67334 (base 8) to base 12.
-14510
Convert 101100100001000110 (base 2) to base 10.
182342
Convert -506728 (base 9) to base 11.
-195610
Convert 228b1b (base 16) to base 6.
120304415
Convert -10133233333 (base 4) to base 11.
-735576
1333541042 (base 6) to base 12
54a4782
Convert -18b3393 (base 12) to base 11.
-2a39775
9c38 (base 14) to base 7
142001
Convert -29082 (base 11) to base 8.
-120607
-12244363 (base 7) to base 12
-452807
1000100110110001111 (base 2) to base 9
468742
What is 233223003211 (base 4) in base 6?
1123505021
24793c1 (base 13) to base 5
10401443104
Convert -33002303211 (base 4) to base 15.
-52d753
-460643 (base 10) to base 5
-104220033
What is -3390877 (base 12) in base 9?
-20546631
36015565 (base 7) to base 5
1303242211
What is -3a2a74 (base 14) in base 2?
-111101001100010111110
What is 21100010202111 (base 3) in base 2?
1110111000001001000110
25f21 (base 16) to base 4
211330201
What is 1010000100111000 (base 2) in base 7?
231220
Convert 98757 (base 15) to base 14.
c86b8
-32442144 (base 5) to base 6
-10004324
-53b977 (base 13) to base 5
-1000433214
111222102212 (base 3) to base 8
1031321
What is 4e394 (base 15) in base 8?
751304
What is -20101121023 (base 4) in base 15?
-2cc74a
Convert -1000000001000100011 (base 2) to base 10.
-262691
Convert -10110010000000111 (base 2) to base 12.
-448b3
What is -3bb130 (base 12) in base 8?
-3624764
Convert 71bbb5 (base 12) to base 13.
4a5901
230313111 (base 4) to base 9
310063
Convert -38d3d (base 14) to base 2.
-100010001000011011
Convert 3034a6b (base 12) to base 5.
4302403340
What is -37650254 (base 8) in base 7?
-130630504
What is 2020311113 (base 4) in base 15?
b10eb
Convert -2038312 (base 11) to base 16.
-36e6f5
Convert 130341521 (base 6) to base 16.
26e279
Convert 25104240 (base 6) to base 9.
1451876
What is -106732 (base 15) in base 5?
-144444442
Convert 10020014 (base 7) to base 14.
177c44
Convert -8e654 (base 15) to base 8.
-1566057
What is 161277 (base 8) in base 3?
2221121220
Convert 100011100010001010010010 (base 2) to base 4.
203202022102
-12320413 (base 5) to base 9
-202673
What is 24004012 (base 6) in base 8?
2663550
What is -ba68 (base 15) in base 3?
-2000010222
What is 40c0d0 (base 15) in base 16?
2ef833
Convert -13303133 (base 4) to base 12.
-165bb
2110111212 (base 4) to base 12
253746
Convert -212715 (base 9) to base 2.
-11110111011101010
-6205305 (base 7) to base 12
-2b9053
7a76b (base 16) to base 6
14430135
Convert -264364054 (base 7) to base 14.
-238a1d4
342245 (base 8) to base 13
40988
What is c3e83 (base 15) in base 9?
1145636
Convert -221034133 (base 5) to base 16.
-e9497
Convert -32033302020 (base 4) to base 13.
-a09b7b
What is -403730 (base 8) in base 7?
-1062663
Convert 22302332 (base 4) to base 6.
540422
Convert -2220000221222 (base 3) to base 10.
-1535975
What is 63323054 (base 8) in base 6?
1200511244
-1a0bbb (base 16) to base 8
-6405673
Convert -18ccd8 (base 15) to base 2.
-100100110110111100010
120222202 (base 4) to base 6
2055414
What is 26565144 (base 7) in base 6?
124325253
What is 1100101000110000 (base 2) in base 14?
14c12
What is 4155255 (base 6) in base 13?
70c88
Convert 1e723 (base 16) to base 10.
124707
What is -15a02 (base 16) in base 8?
-255002
-10021001221021 (base 3) to base 5
-420433030
What is 87305 (base 12) in base 10?
178421
What is 1853194 (base 10) in base 2?
111000100011100001010
What is -13a81 (base 15) in base 10?
-63121
1501225 (base 8) to base 15
86630
Convert 3ab53 (base 12) to base 15.
19090
What is -11100111100110001111 (base 2) in base 13?
-272a20
Convert -3100321 (base 5) to base 9.
-75631
Convert -6502476 (base 8) to base 9.
-3238132
What is -3015884 (base 10) in base 3?
-12200020000102
-177755 (base 10) to base 2
-101011011001011011
Convert -332331031 (base 4) to base 9.
-432651
Convert 310653 (base 7) to base 15.
10b39
Convert -45fc81 (base 16) to base 8.
-21376201
-12533434 (base 7) to base 10
-1151329
-50564413 (base 8) to base 12
-36aa637
What is 62318 (base 9) in base 11?
2895a
What is -15101 (base 10) in base 14?
-5709
What is -131542654 (base 7) in base 13?
-199a17c
Convert -27a458 (base 12) to base 3.
-1020120100212
124532221 (base 7) to base 16
79ae78
Convert -1006232 (base 8) to base 14.
-6c9d0
Convert -14031132 (base 7) to base 15.
-1aaa8c
What is -10121011111 (base 3) in base 12?
-34baa
Convert -1000010111101011010000 (base 2) to base 16.
-217ad0
Convert 20012020102 (base 3) to base 6.
2340232
-6c3aae (base 15) to base 10
-5176289
What is -7bbd5 (base 16) in base 5?
-112204322
Convert 105210532 (base 6) to base 16.
1d72d8
Convert -34310510 (base 7) to base 16.
-2db07b
Convert -8320861 (base 9) to base 16.
-43c984
Convert -124a9d6 (base 15) to base 8.
-62117313
ab949b (base 12) to base 5
1144421123
Convert 1041203214 (base 5) to base 14.
437b1c
What is -59586 (base 14) in base 2?
-110101001100010010
Convert -454aa9 (base 15) to base 3.
-20012222201020
5812c0 (base 16) to base 9
11766577
3b43 (base 12) to base 16
1aa3
What is -110001100110100000111 (base 2) in base 8?
-6146407
What is -35131 (base 16) in base 7?
-1563541
-211426 (base 8) to base 14
-1b942
-3222313303 (base 4) to base 14
-1b084b
What is -15011054 (base 8) in base 15?
-4761b9
What is 11216214 (base 7) in base 2?
11101111000110101110
What is 15e2 (base 15) in base 2?
1001001101000
What is 122113041 (base 5) in base 16?
8e27f
Convert 132041040 (base 5) to base 12.
27937b
What is -11000110022201